divisor of 23 and 23.
23
Calculate the highest common divisor of 76 and 38.
38
What is the highest common divisor of 27 and 99?
9
What is the greatest common divisor of 65 and 533?
13
What is the highest common factor of 95 and 152?
19
Calculate the greatest common divisor of 56456 and 8.
8
What is the highest common divisor of 637 and 871?
13
What is the highest common divisor of 28 and 1673?
7
Calculate the greatest common factor of 40 and 152.
8
What is the greatest common factor of 154 and 66?
22
What is the greatest common factor of 119 and 748?
17
Calculate the greatest common divisor of 258 and 24.
6
Calculate the highest common factor of 2032 and 127.
127
Calculate the highest common divisor of 221 and 143.
13
Calculate the greatest common factor of 855 and 90.
45
Calculate the greatest common divisor of 14409 and 27.
9
What is the greatest common divisor of 493 and 17?
17
What is the highest common divisor of 87 and 2523?
87
Calculate the greatest common factor of 89 and 16020.
89
What is the greatest common factor of 384 and 9456?
48
Calculate the highest common divisor of 15 and 159.
3
What is the greatest common divisor of 45 and 6390?
45
What is the highest common factor of 2363 and 17?
17
Calculate the greatest common divisor of 296 and 72.
8
Calculate the highest common divisor of 494 and 26.
26
Calculate the greatest common factor of 713 and 23.
23
What is the greatest common factor of 551 and 261?
29
Calculate the highest common factor of 217 and 31.
31
Calculate the greatest common factor of 8 and 26.
2
Calculate the greatest common divisor of 70 and 50.
10
What is the highest common factor of 495 and 1551?
33
Calculate the highest common divisor of 243 and 20493.
81
What is the highest common factor of 40 and 128?
8
Calculate the greatest common factor of 72 and 378.
18
What is the greatest common factor of 221 and 689?
13
What is the highest common factor of 3312 and 32?
16
Calculate the greatest common factor of 11570 and 30.
10
What is the greatest common divisor of 5 and 245?
5
What is the highest common divisor of 608 and 96?
32
Calculate the greatest common factor of 20 and 52.
4
Calculate the highest common divisor of 49 and 14.
7
What is the greatest common divisor of 148 and 12?
4
Calculate the greatest common factor of 360 and 40.
40
Calculate the greatest common factor of 96 and 14240.
32
Calculate the highest common divisor of 3810 and 120.
30
What is the highest common divisor of 15 and 60?
15
Calculate the highest common factor of 110 and 55.
55
What is the greatest common factor of 58 and 1334?
58
What is the highest common divisor of 237 and 2212?
79
Calculate the greatest common factor of 175 and 189.
7
Calculate the highest common factor of 9146 and 68.
34
Calculate the greatest common factor of 3712 and 1160.
232
What is the highest common divisor of 504 and 448?
56
What is the greatest common factor of 38 and 418?
38
Calculate the highest common factor of 45 and 126.
9
What is the greatest common divisor of 24574 and 66?
22
What is the highest common factor of 174 and 18?
6
What is the greatest common factor of 2291 and 203?
29
What is the greatest common divisor of 1984 and 186?
62
What is the greatest common factor of 108 and 1062?
18
What is the highest common factor of 60 and 192?
12
What is the greatest common divisor of 26 and 7761?
13
Calculate the greatest common divisor of 1139 and 204.
17
Calculate the highest common factor of 36 and 732.
12
Calculate the greatest common factor of 450 and 100.
50
Calculate the greatest common factor of 1896 and 216.
24
What is the highest common divisor of 488 and 16?
8
Calculate the highest common divisor of 9490 and 130.
130
What is the greatest common divisor of 473 and 11?
11
Calculate the greatest common factor of 171 and 855.
171
Calculate the greatest common factor of 15274 and 14.
14
What is the greatest common divisor of 360 and 50?
10
Calculate the greatest common factor of 4186 and 138.
46
What is the greatest common factor of 112 and 4858?
14
Calculate the greatest common divisor of 18 and 678.
6
What is the greatest common divisor of 756 and 162?
54
Calculate the greatest common divisor of 18282 and 6.
6
Calculate the greatest common divisor of 85 and 9265.
85
Calculate the greatest common divisor of 122161 and 13.
13
What is the greatest common factor of 270 and 54?
54
Calculate the greatest common divisor of 84 and 126.
42
Calculate the greatest common factor of 70 and 640.
10
What is the highest common divisor of 23 and 11707?
23
Calculate the highest common factor of 32 and 38.
2
Calculate the highest common divisor of 418 and 114.
38
What is the highest common factor of 225 and 90?
45
Calculate the greatest common factor of 23 and 989.
23
Calculate the greatest common factor of 1345 and 5.
5
What is the greatest common divisor of 172 and 4?
4
Calculate the greatest common divisor of 128 and 6400.
128
Calculate the greatest common factor of 4 and 31.
1
Calculate the greatest common factor of 194 and 10.
2
What is the greatest common factor of 4166 and 2?
2
What is the greatest common factor of 69 and 1472?
23
Calculate the greatest common divisor of 2485 and 105.
35
Calculate the greatest common divisor of 800 and 40.
40
What is the greatest common divisor of 100 and 28?
4
Calculate the highest common divisor of 476 and 17.
17
What is the highest common divisor of 160 and 1056?
32
What is the highest common divisor of 344 and 28?
4
Calculate the highest common factor of 13040 and 140.
20
Calculate the greatest common factor of 12 and 93.
3
Calculate the greatest common factor of 9 and 12.
3
Calculate the greatest common factor of 112 and 4648.
56
What is the greatest common divisor of 735 and 784?
49
What is the greatest common factor of 48 and 30?
6
Calculate the highest common divisor of 11919 and 174.
87
Calculate the highest common divisor of 846 and 12.
6
Calculate the highest common divisor of 16 and 128.
16
What is the greatest common factor of 234 and 26?
26
What is the highest common divisor of 15 and 25?
5
What is the greatest common factor of 18 and 12?
6
Calculate the greatest common divisor of 347 and 28454.
347
Calculate the highest common divisor of 1017 and 351.
9
Calculate the highest common divisor of 629 and 17.
17
What is the greatest common divisor of 24 and 1716?
12
Calculate the highest common divisor of 15 and 365.
5
What is the highest common divisor of 16 and 17152?
16
What is the highest common factor of 2134 and 22?
22
What is the greatest common factor of 62 and 2?
2
Calculate the highest common divisor of 380 and 1216.
76
What is the greatest common divisor of 10 and 8?
2
Calculate the greatest common divisor of 10 and 515.
5
Calculate the highest common divisor of 164 and 16.
4
Calculate the highest common divisor of 8 and 688.
8
Calculate the highest common divisor of 270 and 4230.
90
Calculate the highest common factor of 4865 and 42.
7
Calculate the greatest common factor of 4488 and 2376.
264
Calculate the highest common divisor of 8 and 776.
8
Calculate the highest common divisor of 108 and 18.
18
Calculate the highest common factor of 584 and 146.
146
What is the highest common divisor of 1715 and 105?
35
What is the greatest common divisor of 6319 and 71?
71
What is the highest common divisor of 912 and 768?
48
What is the greatest common factor of 1220 and 671?
61
Calculate the highest common divisor of 90 and 10.
10
What is the highest common factor of 9706 and 46?
46
What is the highest common factor of 33 and 297?
33
What is the greatest common factor of 368 and 64?
16
What is the highest common factor of 89 and 8989?
89
What is the greatest common factor of 270 and 750?
30
Calculate the highest common divisor of 1258 and 34.
34
Calculate the greatest common divisor of 65 and 65.
65
Calculate the highest common divisor of 506 and 110.
22
What is the greatest common factor of 50 and 250?
50
What is the highest common factor of 243 and 36?
9
What is the highest common divisor of 46 and 138?
46
What is the greatest common factor of 11349 and 351?
117
What is the greatest common factor of 245 and 35?
35
What is the greatest common divisor of 275 and 75?
25
What is the highest common divisor of 371 and 2